2 + 4?
2
Calculate 2 + -6 + -2 + -1 + 1.
-6
What is -8 - (-2 - (4 - -5))?
3
Calculate 1 - ((-2 - -10) + -10 - -8).
-5
What is the value of -3 + 8 - 9 - (-2 - 1)?
-1
What is the value of (4 - 0) + 1 - (46 - 46)?
5
Calculate 0 + -2 + 5 - 4 - -5.
4
What is the value of -3 - (9 - 5 - 4)?
-3
Calculate (6 + -4 - (5 + -4)) + 0.
1
What is -1 - (-3 + 5 - 3 - -1)?
-1
What is 100 + -95 - (0 + -1)?
6
Calculate 0 + (0 - -3) - 1.
2
Evaluate 4 - (7 - (5 + -4)).
-2
What is the value of 5 - (-9 - 0) - 10?
4
What is the value of (-4 - (-1 - 5)) + 0?
2
-1 - 7 - (-1 + 4 + -7)
-4
What is -2 - (6 + 0 + -8)?
0
Calculate 6 - 5 - (-2 + 0).
3
Evaluate -10 + (8 - (-5 - -11)).
-8
Calculate 1 + 3 + 0 - (23 + -25).
6
What is -15 - -18 - (5 - (2 - 2))?
-2
Evaluate 0 + -4 + (1 - -8) + -5.
0
What is the value of 76 + -84 + 0 + 8?
0
What is 10 + 1 - ((-2 - -6) + 4)?
3
Evaluate 8 - (6 - (4 + -3)).
3
Evaluate 7 + -1 - ((-9 - 0) + 16).
-1
(6 - (3 + 3)) + -4
-4
Calculate (-22 - (4 - 11) - -2) + 7.
-6
Evaluate (2 - 3 - 7) + (-7 - -10).
-5
What is 0 - (18 + -12) - (0 + -8)?
2
Calculate 27 - (-1 - -22) - (1 - 1).
6
Evaluate 0 + 1 + -1 + -4 + 1.
-3
What is 9 + -4 + (1 - 0) + -2?
4
What is the value of 2 + (-6 - -2 - -3) + -2?
-1
Evaluate 6 + -3 - (3 + -1 - 0).
1
Calculate 19 + -5 + -9 + -12.
-7
4 + (-12 - -16) + -12
-4
Calculate 5 - (1 - ((2 - 7) + 0)).
-1
Evaluate -8 + (6 - 2 - 5) + 5.
-4
What is 12 - (14 - (3 + (-7 - -12)))?
6
4 + (4 - 9) + -4
-5
What is 8 + -6 + -4 - -2 - 0?
0
What is -3 + (3 - (3 + 1))?
-4
4 + (-2 - 2) + (-6 - -2)
-4
(2 - 7) + -6 + -7 + 17
-1
Evaluate 2 + -1 - (3 - 4).
2
-1 + 0 + 4 + -31 + 23
-5
What is the value of 0 - (-12 - -5) - 10?
-3
-1 - (6 + -4 - 1) - 1
-3
Calculate -12 + (7 - -9) + -5.
-1
Evaluate (-4 - -4) + -1 + (10 - 4).
5
Evaluate (-22 - -27) + -1 + 1.
5
What is 21 + -22 + 0 + (2 - 0)?
1
What is the value of -7 + 6 + (-2 - 1) + 7?
3
What is -11 + 15 + (-1 - 3)?
0
What is -3 + (2 + -2 - (37 + -41))?
1
Evaluate 2 + (-10 - (3 - (-5 - -12))).
-4
Evaluate 4 - (-2 + (5 - -2)).
-1
Calculate 0 - (-4 + -3 + (13 - 10)).
4
Calculate -4 + 0 + (5 + 9 - 7).
3
9 - (0 - -13) - -13
9
Evaluate (12 - (15 - -7)) + 4.
-6
Evaluate (11 - 2) + (-1 - 6).
2
What is 5 + -8 - (0 - 7)?
4
What is -5 - ((-3 - -1) + -1)?
-2
Calculate (0 + -2 - 7) + (0 - -5).
-4
What is -6 + 0 - (3 + -14)?
5
Evaluate -4 - (-5 - (-3 + 0) - 3).
1
(0 - -3) + 5 + -4
4
Evaluate -3 + ((-2 - 0) + 9 - 6).
-2
What is the value of (-6 - -2) + (3 - 2) + 0?
-3
Evaluate 3 + 4 + (-17 + 6 - -6).
2
What is the value of -13 + 9 + 0 + -1?
-5
Evaluate 0 + (-22 - -21) + (-2 - -10).
7
Calculate (1 - -3) + -4 - (3 + -3).
0
Evaluate 0 - 7 - -5 - -6.
4
4 + 7 + -1 + -10
0
Evaluate -94 + 102 + -6 + 1.
3
What is the value of (-6 + 21 - 7) + -11?
-3
Evaluate 2 + -5 + (-2 - -3).
-2
Calculate -1 - ((2 - (1 + 3)) + -1).
2
What is -2 + 5 + -5 + 3?
1
Calculate 1 + -1 - (1 + -3).
2
Calculate (1 - (1 + 1)) + 0 + -2.
-3
What is (-8 - -2) + 7 + 1 + 0?
2
Calculate -5 + (-2 - 1) + 3 + 2.
-3
-3 + 0 - (-100 - -100)
-3
Calculate 5 - (-8 + 0 + 9).
4
-1 + 1 + (-7 - -9)
2
Evaluate 8 + -8 + 1 + -10.
-9
Evaluate (5 - 0 - (13 + -8)) + -3.
-3
-3 + (-5 - -17) + -16
-7
-7 + -2 - (-5 + -3 + 3)
-4
Calculate (5 - (1 - 1)) + -6.
-1
Calculate 3 - (-7 + (6 - (1 + -5))).
0
-2 - 3 - (-63 - -58)
0
-2 + 0 + (-6 - -9)
1
Calculate 7 - 0 - (-3 + 7).
3
What is the value of 3 + 3 + (-4 - -1)?
3
What is 1 + -11 + 6 + 5 + -2?
-1
Evaluate 3 + 5 + (-10 - -7).
5
What is 0 - (3 - (0 - -2 - -2))?
1
What is -12 - (-8 - -3) - -7?
0
Evaluate 9 + (-7 - 2 - -6) - 10.
-4
1 + (0 - -5) - 3
3
What is -2 + (2 - -3) + -4?
-1
Calculate (-1 - (6 - 10)) + (-6 - -1).
-2
Evaluate (0 - 6) + (15 - 5 - 8).
-4
What is 6 + -3 + -3 + 2?
2
What is (4 - 5 - -7) + (-1 - 2)?
3
What is the value of -2 - (6 + 0 + -3)?
-5
What is the value of -8 + (7 - 6) + 1 + 9?
3
What is (0 - 3) + -3 - (-25 - -21)?
-2
Evaluate -8 - (-4 + (-8 - -6)).
-2
-17 - (2 - (-4 - -14))
-9
What is the value of -1 - (-10 + 4 - -6)?
-1
-1 + (-14 - (-15 + 9))
-9
Calculate (-7 - -1) + (-86 - -90) - -11.
9
Evaluate 1 - -5 - 7 - (1 + 0).
-2
What is (3 - (7 - 6)) + -1?
1
Calculate 1 + (0 - -3) - (1 - 2).
5
Evaluate 2 + -1 + (5 - 4 - 3).
-1
Calculate -6 + -5 + -1 + (2 - -5).
-5
What is 2 + 2 + -16 + 4?
-8
Evaluate 5 + (20 + -23 - (5 + -1)).
-2
-9 - (-2 + 7 + 1) - -9
-6
What is the value of -1 + 0 - (2 - (-11 + 15))?
1
Evaluate (-1 - 4) + 68 + -66.
-3
Evaluate 5 + 0 + (-6 - (0 - 6)).
5
Evaluate -6 + 1 + 2 - 0.
-3
What is (-1 - 1) + (0 - (-14 + 10))?
2
Evaluate (2 - -1) + (-3 - (5 - 3)).
-2
What is 5 + -5 + 2 + 1 + 3?
6
Evaluate 2 + (3 - 1) - (11 + -7).
0
Evaluate 5 - ((3 - 6 - -3) + 9).
-4
What is the value of 3 - (4 - -3) - (-3 + 6)?
-7
Calculate -5 - (-4 - -6 - 6).
-1
Evaluate -7 + 4 + -2 + 6.
1
Calculate 1 - -11 - (5 - 3).
10
Calculate -7 + (-6 - -10) + 4.
1
Evaluate -6 + 1 + 0 - -3.
-2
Calculate 0 - 8 - (22 + -28).
-2
What is 7 + (-23 - -18) + (-3 - -2)?
1
What is the value of -3 - -2 - (-12 + 6)?
5
Calculate 0 + (1 - (-2 - -4)).
-1
Evaluate (1 - -2 - 7) + (-4 - -6).
-2
Calculate 2 + -1 - (101 - 93).
-7
Evaluate 12 + 13 + -5 + -10.
10
What is (0 - 1) + (-4 - -2) - -1?
-2
Calculate -3 - -9 - (-4 - -4 - -1).
5
Evaluate (-7 - -7) + 3 - 9.
-6
Calculate 124 - 122 - (1 + (-4 - 0)).
5
What is 13 - (-3 - -9 - -2) - 5?
0
Evaluate 4 + -2 + -1 - (12 - 6).
-5
-9 - ((9 - 10) + -1)
-7
What is -2 - -2 - ((-4 - -3) + -1)?
2
Evaluate (-1 - -4) + (-23 - -17).
-3
Evaluate 7 + -3 + -7 - -3.
0
Evaluate (3 - 9 - 1) + -4.
-11
Calculate 2 - (-15 + (4 - -13)).
0
Evaluate 13 - ((14 - 7) + 1).
5
Evaluate 7 - (2 - (5 - 5)).
5
Calculate 1 - (-2 + -6 + 8).
1
-7 - ((-2 - 4) + 10) - -4
-7
Calculate 3 + -6 + 3 + (5 - 4).
1
6 + (0 - 7 - 1)
-2
(-12 - 0) + 17 + 3
8
What is (-17 + 10 - -1) + (5 - 1)?
-2
Calculate -4 + (-5 - -8 - -5).
4
What is the value of -5 + -6 + 7 + -3 + 11?
4
Calculate (2 - 2) + 0 + 34 + -41.
-7
-2 + -4 + 2 + 2
-2
What is the value of 1 + 6 + (27 - 37)?
-3
Calculate 1 + 4 - -1 - 11.
-5
What is 3 + -4 + -3 + 3?
-1
Calculate (2 + -5 - -3) + -1 + 1.
0
What is 48 + -55 - (1 - 6)?
-2
What is the value of 12 - (0 + -5 + (14 - 5))?
8
(0 - (1 + 3)) + 0
-4
Calculate 2 - 2 - 3 - (-26 + 32).
-9
-1 - (-3 + 2 - (0 - -2))
2
What is the value of (8 - 5) + 6 - 5?
4
What is 0 + (1 + 2 - 3 - -1)?
1
What is the value of (-38 - -40) + (0 - 1)?
1
Calculate 6 + (1 - (-2 + -1) - 6).
4
Evaluate 2 - (-1 + -2 + 9).
-4
4 - (-2 - -4) - (3 + 0)
-1
Calculate 2 + -4 - -4 - -3.
5
Evaluate 2 + (-3 - 8) - (73 - 74).
-8
Evaluate 0 + 0 + 2 - -2.
4
5 + -5 + 5 + -2
3
What is the value of (11 - -7) + -13 - (2 + -2)?
5
What is the value of (4 - 4) + (-1 - 0)?
-1
3 + -7 + 6 + -8
-6
(-6 - -1 - (-25 - -22)) + -2
-4
-5 - (3 + 2 + -5 - 0)
-5
0 - (-1 + 3) - 1
-3
What is (-4 - -1 - -4) + -3 + 1?
-1
Evaluate 0 + (2 - (-5 + (4 - 1))).
4
Calculate -12 + 12 + -4 + (-1 - 1).
-6
Calculate -2 + -1 + 0 + 3 + -2.
-2
Evaluate -2 - (-2 + 1 + -5).
4
Calculate (-1 - 3) + (-7 - -9) + -4.
-6
Calculate (9 + -4 - 4) + (-4 - -2).
-1
Evaluate 5 - 11 - -5 - 2 - -7.
4
Evaluate -6 - (5 - 17) - 10.
-4
What is the value of (0 - -2) + (6 - 3)?
5
Calculate 3 - (1 - (-4 - -1)).
-1
Calculate (-1 - -8 - 7) + (9 - 5).
4
Calculate (-30 + 22 - (2 - 8)) + 6.
4
Evaluate -8 + 3 + 21 + -15.
1
What is (10 + 0 - -2) + -3?
9
What is the value of -7 + 10 + -1 + 0?
2
What is the value of 5 + -2 - (0 + 1)?
2
Evaluate (-15 + 6 - -4 - -3) + -3.
-5
Evaluate 12 + (-4 - -5 - 15).
-2
What is the value of 8 + -2 + -32 + 26?
0
-4 + (-1 - -2) - (2 - 2)
-3
Evaluate -17 - -1 - (-8 - (8 - 9)).
-9
What is -2 + (-1 - 0) - (-25 - -27)?
-5
-3 + 11 - (2 - -8)
-2
What is the value of -2 + 5 - (-3 + 1)?
5
Evaluate -1 + -4 + (1 - 5) + 12.
3
What is the value of (12 + -5 - 4) + -2 + 1?
2
20 - (0 + 2 - -3) - 7
8
Evaluate -3 + 0 - (-5 - (0 - -1)).
3
Evaluate 7 + -5 + 0 + 1.
3
Calculate -4 + (7 - 4) - -3 - 1.
1
Evaluate (7 - 14) + 2 - -10.
5
0 + 0 - (16 + -9) - -6
-1
What is the value of 5 - (-7 - (-5 + -7))?
0
What is the value of (9 + -4 - 0) + -1?
4
Evaluate 5 - (8 + 12 + -9).
-6
Calculate 15 + (1 - 8) + -2 + -1.
5
Calculate 20 + -15 + 0 - 6.
-1
-11 - -16 - (-5 + 0 + 3)
7
Calculate (-8 - -12) + -2 + 4.
6
Evaluate 14 + -6 - 15 - (-1 - 6).
0
Evaluate -5 + -1 + -15 + 3 + 19.
1
Calculate 4 - (-4 - -5) - 6 - -1.
-2
(5 - 2) + -2 + 1
2
Calculate ((-7 - 6)